second derivative of 21*q**5/20 + q**4/12 + q**3/6 + q**2/2 + 407*q. What is r(-1)?
-20
Let q be ((-3)/10)/(6/(-60)). Let s(m) = 2*m + 4 - 4 + 1. Determine s(q).
7
Let h(f) = -f**2 - 19*f - 67. Let i be 13696/1152 + 1/9 + -16. Give h(i).
-7
Suppose 27*t = 56*t - 116. Let w(h) = -h**3 + 10*h**2 - 24*h + 3. Calculate w(t).
3
Let d be (11 - -2 - 7) + (4/2 - 3). Let a(p) = 23*p - 121. What is a(d)?
-6
Let b(q) = -7*q - 16. Let m(c) = 11*c + 24. Suppose -13*i + 60 = -i. Let y(w) = i*m(w) + 8*b(w). Determine y(0).
-8
Let i(r) = 7*r + 6. Let f(y) = y - 1. Let z be (-6)/27 + 2 + (-7)/9. Let a(v) = z*i(v) - 4*f(v). Give a(-7).
-11
Let k = -154 - -154. Let z(t) be the first derivative of -t**2/2 - 23*t + 42. What is z(k)?
-23
Suppose 24 = 2*f + l, -4*f - 7 = -5*l - 83. Let n(p) = p**2 - 18*p + 53. Calculate n(f).
-3
Let s(c) = -6*c - 8. Suppose 170 = 2*a + 14. Let v(n) = -a*n + 35*n - 3 + 38*n - 4. Let m(h) = -4*s(h) + 5*v(h). What is m(-7)?
4
Let m = -1453 + 1473. Let r(l) = 2*l**3 - 39*l**2 - 22*l + 40. What is r(m)?
0
Let a(c) = -2*c**2 + 4*c**2 + 13 - 8*c - 2 + 7*c - 3*c**2. Calculate a(-5).
-9
Suppose -16*k + 39 = -41. Let r(b) = 6*b**3 - 17*b - 12. Let o(x) = 7*x**3 - 2*x**2 - 18*x - 12. Let u(s) = k*o(s) - 6*r(s). What is u(-11)?
1
Let d be 2 + 2/(-2) + 2. Let u = d - 2. Let p(k) = -55*k + 792. Let h(m) = -m + 12. Let i(v) = 66*h(v) - p(v). Give i(u).
-11
Let s be (-96)/(-30) + 3/(-15). Suppose 0 = 3*p - 4*i - 1, -s*i - 3 = -18. Let v(x) = x**3 - 6*x**2 - 8*x + 11. Calculate v(p).
4
Suppose 2*x - r = 11, r + 3*r + 32 = 5*x. Let l(y) be the second derivative of -y**3/6 + 3372*y. Give l(x).
-4
Suppose 6*i + 529 = 70*i - 111. Let f(l) = l**3 - 10*l**2 + 4*l - 10. Determine f(i).
30
Let x = 39319 - 39327. Let f(t) = -t**3 - 7*t**2 + 13*t + 19. Calculate f(x).
-21
Let v(c) be the second derivative of c**4/12 + c**3 - 8*c**2 + 529*c - 3. What is v(-7)?
-9
Suppose 2*v + 17 = 3*z, 5*v - 2*v + 10*z = 6*z. Let r(u) = -2 + 3*u - 5*u + u**2 + 1. Determine r(v).
23
Let r(c) be the second derivative of c**5/20 + 5*c**4/6 - 4*c**3/3 - 7*c**2/2 + 145*c - 2. Determine r(-10).
73
Suppose -9*w + 135 + 13 = -41. Let p(q) = -3*q + 53. Calculate p(w).
-10
Let f be (6/(-1) - -2)/(-2). Suppose -f*s + 10 = -0*s. Let i(t) = s + 2 - 6*t - t**2 - t. Give i(-7).
7
Let g = -142 - -147. Let h be (-21)/(-5) + (-11 + 10)/g. Let j(l) = l**3 - 4*l**2 - 2*l + 9. What is j(h)?
1
Let b(s) = 4*s - 4*s**2 + 5*s**2 - 20 + 21 - 10*s. Let w be b(7). Suppose -f - 2*f = 3*c, 0 = c + 5*f + w. Let z(j) = j**3 - j**2 - 3*j + 3. Give z(c).
1
Let y(w) = w**3 + 6*w**2 - 2*w - 6. Let p(g) = 4*g**2 - 8*g - 25. Let b be p(-6). Let t = b - 173. Calculate y(t).
6
Let l(p) = p. Let o = 50 - 50. Suppose 3*b - 1 + 34 = o. Give l(b).
-11
Let u(a) be the third derivative of -a**6/120 - 7*a**5/60 - 5*a**4/24 + 2*a**3/3 - 6*a**2. Suppose 208*h = 206*h - 298. Let i = 143 + h. Calculate u(i).
-2
Let d(o) = -7*o - 4. Let t(l) = -l - 1. Let b(a) = 15*a + 8. Let i(k) = b(k) - t(k). Let h(u) = 9*d(u) + 4*i(u). Give h(7).
7
Let u = -2 - -4. Let z(w) = 3*w**2 + 5*w. Let v(o) be the second derivative of o**4/4 + o**3 - 7*o + 6. Let t(k) = -4*v(k) + 5*z(k). Determine t(u).
14
Let a = 201 + -178. Suppose 2*g = a*g + 210. Let o(l) be the second derivative of -l**5/20 - 11*l**4/12 - 3*l**3/2 + 9*l**2/2 + l. Calculate o(g).
-1
Suppose -2*l = 3*g + 9, 2*g + 37 = 4*l - 3*g. Let k(b) = 174*b - 3 - 347*b - 9 + 11 + 165*b. What is k(l)?
-25
Let z(j) be the second derivative of -1/2*j**3 - 79*j + 0 - 3*j**2. Determine z(-6).
12
Let n(i) = -13*i**2 - 6*i + 8. Let l be n(2). Let j = 59 + l. Let s(g) = -82*g**2 - g**3 + 0*g**j + 7 + 81*g**2. What is s(0)?
7
Let s(b) = 212*b + 2 - 216*b + 1 + b**2. Let h = -23 + 25. Suppose h = u - 0. Calculate s(u).
-1
Suppose 6*u - 186 + 0 = 0. Let v(x) = -u - 5*x + 2 - 11*x + x**2 - 9. Let h be v(18). Let s(f) = 3*f + 3. Calculate s(h).
-3
Let k(f) = -f**2 + 46*f - 127. Let y be k(43). Let t(n) = -1 + 8*n**2 + 3*n**2 + 3*n + 2*n**y - 12*n**2 - 4. What is t(-5)?
5
Let k(r) = -90*r**2 - 4411*r - 35. Let y be k(-49). Let u(b) = -b**3 + 11*b**2 + 33*b + 19. Determine u(y).
-107
Suppose 111*h = 12*h + 928 + 260. Let x(q) = -13*q + 156. Determine x(h).
0
Let c(r) be the second derivative of -r**4/12 - 8*r**3 + 54*r**2 - 4346*r. Calculate c(-50).
8
Suppose 0 = -25*j + 101 - 51. Let x(m) be the third derivative of 0 + 30*m**j + 0*m + 5/24*m**4 - 1/6*m**3. Give x(-1).
-6
Let a(p) = 55596*p**2 - 8*p - 55574*p**2 - 14*p + 8 - 4 - p**3. What is a(21)?
-17
Let h(r) = 0 - 1 - 2 + r**3 - 2*r**2 + 7*r**3 - 3*r. Let t be h(3). Let x(q) = -q**3 + 0*q**3 + 0*q**3 - 187 + 2*q + t. Determine x(1).
0
Suppose 3*z = -0*z + 2*q + 698, -2*z + 459 = 5*q. Let x be z/28 + (-3 - 95/(-35)). Let u(a) = -a**2 + 9*a - 9. What is u(x)?
-1
Let n(i) = 2*i**2 + 7*i - 13. Let g(l) = 3*l + 4. Let w(v) = -4*g(v) - n(v). Give w(-9).
6
Let h(k) = k + 48. Let r be h(-22). Let a(i) = 10*i - r*i + 14*i. What is a(5)?
-10
Suppose 0 = -5*p + 125 - 105. Let j(b) = -p*b + b + 0*b + 6*b. Determine j(-1).
-3
Let q(n) = -6*n - 7. Suppose 0 = -3*v + 7*v + 8. Let u be q(v). Let z(t) = -u*t + 60*t**2 - 5 - 31*t**2 - 28*t**2. Calculate z(4).
-9
Let l(t) = -t**3 - 17*t**2 + t + 58. Let i be l(-17). Let y = i + -43. Let p(h) = -5*h - 1. What is p(y)?
9
Let z be (-33)/(-2) - (-2)/(-4). Suppose -1 = 5*x - z. Let h(q) = -2 - 3*q**2 - 1 + x*q + 0*q**2 + 2*q**2. Determine h(2).
-1
Suppose -45 = -p - 8*p. Let a(s) = 5*s + 45*s**2 + 15 - 6*s - 1 + p*s - 46*s**2. Calculate a(6).
2
Let m = 729 + 202. Let j be (-1)/3 - (2 - m/21). Let l(f) = -75*f**2 + j*f**2 + 34*f**2 + 2 + 6*f. Give l(-5).
-3
Let v(b) be the second derivative of -19*b**5/20 - b**4/12 + b**3/6 + 5*b**2/2 + 3*b - 571. Give v(-2).
151
Let q(c) = -2*c**3 + 32*c**2 + 25*c + 41. Let h(j) = j**3 - 15*j**2 - 12*j - 20. Let a(o) = 13*h(o) + 6*q(o). Calculate a(6).
58
Let a(z) = z**3 - 4*z**2 + 5*z - 4. Let q be 135/18 - (-5)/2. Suppose 16 = 6*p + q. Let l be ((-9)/(-3))/(1/p). Calculate a(l).
2
Let p(l) be the first derivative of -l**4/4 - 4*l**3/3 + 3*l**2/2 + 4*l - 9. Let o be 4/2 + (-1)/((-2)/(-368)). Let b = o + 179. Give p(b).
-14
Let f(i) = i + 2. Let a(c) = c**2 - 8*c - 2. Let m(x) = -a(x) - 3*f(x). What is m(9)?
-40
Let k(s) = s**3 - 2*s**2 - s + 5. Let o(t) = -2*t**3 - 9*t - 14*t + 25*t + t**2 + 1 - 7. Let m(x) = -3*k(x) - 2*o(x). Give m(-4).
1
Let k(t) be the third derivative of 1/120*t**6 - 3/4*t**4 + 48*t - 17/60*t**5 + 0 + t**3 + 2*t**2. What is k(18)?
6
Let j(z) be the first derivative of z**6/120 + z**5/20 - z**4/24 + z**3/3 + 139*z**2/2 + 39. Let q(x) be the second derivative of j(x). Calculate q(-3).
5
Let g(a) = 4*a**2 + 10*a - 31. Let p = -14020 - -14023. What is g(p)?
35
Let s(r) = r - 1. Suppose -13*a - 5*l - 905 = -10*a, 0 = 2*a + 5*l + 610. Let u = a - -165. Let x = u + 131. Determine s(x).
0
Let i(a) = 2*a**2 - 20*a + 51. Let h be 30/(-4)*4/(-6). Let j be i(h). Let t(c) = 9*c - 4. Let l(y) = 10*y - 3. Let q(m) = -4*l(m) + 3*t(m). What is q(j)?
-13
Suppose 0 = 2*y - 4*y + 8. Let l = y + 3. Let v(g) = 12*g - 20*g + 78 - 85 + 10*g. Determine v(l).
7
Let f(z) = -139*z**3 - 15*z**2 + 18*z - 113. Let b(x) = 174*x**3 + 15*x**2 - 17*x + 113. Let n(p) = 4*b(p) + 5*f(p). Calculate n(14).
-1
Suppose -i = -4*n + 6, 2*n = 3*i - i. Suppose -i*o = -4*o - s + 8, o + 3*s = -1. Suppose -o*t = 2*j + 5, -4 = t - 4*j - 3. Let b(f) = -6*f + 1. Calculate b(t).
7
Let v(h) = 9*h + 47. Let o be v(9). Let x = o - 133. Let l(b) = b**3 + 5*b**2 + b + 6. What is l(x)?
1
Let k(j) = 65*j**2 + 23*j + 232. Let w(v) = 21*v**2 + 8*v + 82. Let p(y) = 6*k(y) - 17*w(y). What is p(1)?
33
Let k(j) = 12*j + 22. Let i be k(-1). Let n(o) be the third derivative of -o**4/24 + o**3/3 - 14*o**2 - o. What is n(i)?
-8
Let z(v) = v**2 - 7*v - 10. Suppose 84*w + 67*w - 1359 = 0. Calculate z(w).
8
Let b(i) = i**3 + 7*i**2 - 9*i - 11. Let o = -1054 + 1046. Calculate b(o).
-3
Let z(o) = 78*o + 3120. Let v(u) = 3*u + 117. Let w(y) = 54*v(y) - 2*z(y). What is w(-21)?
-48
Let w(s) be the third derivative of -s**6/120 - 2*s**5/15 - 5*s**4/24 + s**3 + 602*s**2. Give w(-7).
-8
Let p(g) = -3*g - 1. Let h(t) = -2*t**3 - 6*t**2 + 21*t - 8. Let m be h(-7). Let i = -234 + m. Calculate p(i).
-10
Let o(n) = -n**3 + 8*n**2 - 8*n - 2. Let z(c